{"id":784,"date":"2018-06-28T01:17:51","date_gmt":"2018-06-28T04:17:51","guid":{"rendered":"https:\/\/isfd40-bue.infd.edu.ar\/sitio\/directivos\/"},"modified":"2026-03-17T19:08:12","modified_gmt":"2026-03-17T22:08:12","slug":"directivos","status":"publish","type":"page","link":"https:\/\/isfd40-bue.infd.edu.ar\/sitio\/directivos\/","title":{"rendered":"Directivos"},"content":{"rendered":"<h1 style=\"text-align: center;\"><span style=\"font-family: 'comic sans ms', sans-serif; font-size: 18pt; color: #339966;\">La instituci\u00f3n est\u00e1 conformada por los siguientes directivos:<\/span><\/h1>\n<table style=\"width: 608px; height: 354px;\" border=\"0\" align=\"center\">\n<tbody>\n<tr>\n<td><\/td>\n<td>\n<h2><span style=\"font-family: 'comic sans ms', sans-serif; color: #339966; font-size: 14pt;\">Directivo<\/span><\/h2>\n<\/td>\n<td>\n<h2><span style=\"font-family: 'comic sans ms', sans-serif; color: #339966; font-size: 14pt;\">Apellido y Nombre<\/span><\/h2>\n<\/td>\n<\/tr>\n<tr>\n<td><img decoding=\"async\" loading=\"lazy\" title=\"Tilde\" src=\"https:\/\/isfd40-bue.infd.edu.ar\/sitio\/wp-content\/uploads\/2018\/06\/tildes.jpg\" alt=\"Tilde\" width=\"23\" height=\"21\" border=\"0\" \/><\/td>\n<td><span style=\"font-size: 12pt;\"><strong><span style=\"font-family: 'comic sans ms', sans-serif;\">Director<\/span><\/strong><\/span><\/td>\n<td><span style=\"font-size: 12pt;\"><strong><span style=\"font-family: 'comic sans ms', sans-serif;\">Prof. Carlos R. Pi\u00f1ero<\/span><\/strong><\/span><\/td>\n<\/tr>\n<tr>\n<td><img decoding=\"async\" loading=\"lazy\" title=\"Tilde\" src=\"https:\/\/isfd40-bue.infd.edu.ar\/sitio\/wp-content\/uploads\/2018\/06\/tildes.jpg\" alt=\"Tilde\" width=\"23\" height=\"21\" border=\"0\" \/><\/td>\n<td><span style=\"font-size: 12pt;\"><strong><span style=\"font-family: 'comic sans ms', sans-serif;\">Vice Director<\/span><\/strong><\/span><\/td>\n<td><span style=\"font-size: 12pt;\"><strong><span style=\"font-family: 'comic sans ms', sans-serif;\">Prof. Lorena Campelo<\/span><\/strong><\/span><\/td>\n<\/tr>\n<tr>\n<td><img decoding=\"async\" loading=\"lazy\" title=\"Tilde\" src=\"https:\/\/isfd40-bue.infd.edu.ar\/sitio\/wp-content\/uploads\/2018\/06\/tildes.jpg\" alt=\"Tilde\" width=\"23\" height=\"21\" border=\"0\" \/><\/td>\n<td><span style=\"font-size: 12pt;\"><strong><span style=\"font-family: 'comic sans ms', sans-serif;\">Secretaria<\/span><\/strong><\/span><\/td>\n<td><span style=\"font-size: 12pt;\"> <strong><span style=\"font-family: 'comic sans ms', sans-serif;\">Prof. Pamela Valentini<\/span><\/strong><\/span><\/td>\n<\/tr>\n<tr>\n<td><img decoding=\"async\" loading=\"lazy\" title=\"Tilde\" src=\"https:\/\/isfd40-bue.infd.edu.ar\/sitio\/wp-content\/uploads\/2018\/06\/tildes.jpg\" alt=\"Tilde\" width=\"23\" height=\"21\" border=\"0\" \/><\/td>\n<td><span style=\"font-size: 12pt;\"><strong><span style=\"font-family: 'comic sans ms', sans-serif;\">Jefe de \u00c1rea, Psicopedagog\u00eda<\/span><\/strong><\/span><\/td>\n<td><span style=\"font-size: 12pt;\"><span style=\"font-family: 'comic sans ms', sans-serif;\"><span style=\"font-family: comic sans ms, sans-serif;\"><span style=\"font-size: 16px;\"><b>Lic. Luc\u00eda Vincent<\/b><\/span><\/span><\/span><\/span><\/td>\n<\/tr>\n<tr>\n<td><img decoding=\"async\" loading=\"lazy\" title=\"Tilde\" src=\"https:\/\/isfd40-bue.infd.edu.ar\/sitio\/wp-content\/uploads\/2018\/06\/tildes.jpg\" alt=\"Tilde\" width=\"23\" height=\"21\" border=\"0\" \/><\/td>\n<td><span style=\"font-size: 12pt;\"><strong><span style=\"font-family: 'comic sans ms', sans-serif;\">Jefe de \u00c1rea, Matem\u00e1tica<\/span><\/strong><\/span><\/td>\n<td><span style=\"font-size: 12pt;\"><strong><span style=\"font-family: 'comic sans ms', sans-serif;\">Prof.\u00a0<\/span><\/strong><\/span><\/td>\n<\/tr>\n<\/tbody>\n<\/table>\n","protected":false},"excerpt":{"rendered":"<p>La instituci\u00f3n est\u00e1 conformada por los siguientes directivos: Directivo Apellido y Nombre Director Prof. Carlos R. Pi\u00f1ero Vice Director Prof. Lorena Campelo Secretaria Prof. Pamela Valentini Jefe de \u00c1rea, Psicopedagog\u00eda Lic. Luc\u00eda Vincent Jefe de \u00c1rea, Matem\u00e1tica Prof.\u00a0<\/p>\n","protected":false},"author":61,"featured_media":0,"parent":0,"menu_order":0,"comment_status":"closed","ping_status":"closed","template":"","meta":[],"acf":[],"_links":{"self":[{"href":"https:\/\/isfd40-bue.infd.edu.ar\/sitio\/wp-json\/wp\/v2\/pages\/784"}],"collection":[{"href":"https:\/\/isfd40-bue.infd.edu.ar\/sitio\/wp-json\/wp\/v2\/pages"}],"about":[{"href":"https:\/\/isfd40-bue.infd.edu.ar\/sitio\/wp-json\/wp\/v2\/types\/page"}],"author":[{"embeddable":true,"href":"https:\/\/isfd40-bue.infd.edu.ar\/sitio\/wp-json\/wp\/v2\/users\/61"}],"replies":[{"embeddable":true,"href":"https:\/\/isfd40-bue.infd.edu.ar\/sitio\/wp-json\/wp\/v2\/comments?post=784"}],"version-history":[{"count":9,"href":"https:\/\/isfd40-bue.infd.edu.ar\/sitio\/wp-json\/wp\/v2\/pages\/784\/revisions"}],"predecessor-version":[{"id":3862,"href":"https:\/\/isfd40-bue.infd.edu.ar\/sitio\/wp-json\/wp\/v2\/pages\/784\/revisions\/3862"}],"wp:attachment":[{"href":"https:\/\/isfd40-bue.infd.edu.ar\/sitio\/wp-json\/wp\/v2\/media?parent=784"}],"curies":[{"name":"wp","href":"https:\/\/api.w.org\/{rel}","templated":true}]}}